{"id":34036,"date":"2019-08-13T22:26:11","date_gmt":"2019-08-13T22:26:11","guid":{"rendered":"https:\/\/forestlawn.com\/exhibits\/the-elevated-eye-aerial-photography-past-and-present\/"},"modified":"2019-08-22T16:19:33","modified_gmt":"2019-08-22T16:19:33","slug":"the-elevated-eye-aerial-photography-past-and-present","status":"publish","type":"exhibit","link":"https:\/\/forestlawn.com\/es\/exhibits\/the-elevated-eye-aerial-photography-past-and-present\/","title":{"rendered":"The Eye Elevated, Aerial Photography Past and Present"},"content":{"rendered":"<h2><strong>El Ojo Elevado: Fotograf\u00eda a\u00e9rea del pasado y presente<\/strong><\/h2>\n<p><strong>el 10 de octubre de 2019 hasta el 8 de marzo de 2020<\/strong><\/p>\n<p>La exposici\u00f3n examina la historia de la fotograf\u00eda a\u00e9rea, desde sus or\u00edgenes en el siglo XIX hasta las tecnolog\u00edas que traspasan los l\u00edmites del siglo XXI. Re\u00fane casi 150 im\u00e1genes y 14 minutos de video, as\u00ed como modelos satelitales y drones. La exposici\u00f3n incluye fotograf\u00edas de la colecci\u00f3n permanente del Museo Forest Lawn que nunca se han exhibido, as\u00ed como obras del Instituto de Investigaci\u00f3n Getty; Biblioteca Huntington, colecciones de arte y jardines bot\u00e1nicos; y las Colecciones Especiales de la Biblioteca P\u00fablica de Los \u00c1ngeles. The Elevated Eye (El Ojo Elevado): Fotograf\u00eda a\u00e9rea del pasado y presente tambi\u00e9n presenta el trabajo de David Maisel, becario Guggenheim 2018 en Artes Creativas; Jenny Odell, artista y escritora multidisciplinaria; y el fot\u00f3grafo Lane Barden, cuyo trabajo traza los principales corredores de Los \u00c1ngeles desde lo alto. La exposici\u00f3n incluye m\u00e1s de veinte im\u00e1genes y fascinantes secuencias de video del piloto de drones y fot\u00f3grafo Chen Ming. M\u00e1s all\u00e1 de la estratosfera, The Elevated Eye (El Ojo Elevado)presenta im\u00e1genes hist\u00f3ricas de la NASA, as\u00ed como el trabajo de Erwan Rivault (@earthfromsatellites), un ge\u00f3grafo franc\u00e9s que utiliza datos de sat\u00e9lites de la Agencia Espacial Europea para crear impresionantes im\u00e1genes de maravillas naturales en la superficie de la Tierra.<\/p>\n<p>The Elevated Eye (El Ojo Elevado) Fotograf\u00eda a\u00e9rea del pasado y presente estar\u00e1 abierto al p\u00fablico desde el 10 de octubre de 2019 hasta el 8 de marzo de 2020 en el Museo de Forest Lawn Glendale, 1712 S. Glendale Avenue, Glendale, California.<\/p>\n","protected":false},"featured_media":0,"parent":0,"template":"","class_list":["post-34036","exhibit","type-exhibit","status-publish","hentry"],"acf":[],"yoast_head":"<!-- This site is optimized with the Yoast SEO Premium plugin v27.3 (Yoast SEO v27.3) - https:\/\/yoast.com\/product\/yoast-seo-premium-wordpress\/ -->\n<title>The Eye Elevated, Aerial Photography Past and Present - Forest Lawn<\/title>\n<meta name=\"robots\" content=\"index, follow, max-snippet:-1, max-image-preview:large, max-video-preview:-1\" \/>\n<link rel=\"canonical\" href=\"https:\/\/forestlawn.com\/es\/exhibits\/the-elevated-eye-aerial-photography-past-and-present\/\" \/>\n<meta property=\"og:locale\" content=\"es_ES\" \/>\n<meta property=\"og:type\" content=\"article\" \/>\n<meta property=\"og:title\" content=\"The Eye Elevated, Aerial Photography Past and Present\" \/>\n<meta property=\"og:description\" content=\"El Ojo Elevado: Fotograf\u00eda a\u00e9rea del pasado y presente el 10 de octubre de 2019 hasta el 8 de marzo de 2020 La exposici\u00f3n examina [&hellip;]\" \/>\n<meta property=\"og:url\" content=\"https:\/\/forestlawn.com\/es\/exhibits\/the-elevated-eye-aerial-photography-past-and-present\/\" \/>\n<meta property=\"og:site_name\" content=\"Forest Lawn\" \/>\n<meta property=\"article:modified_time\" content=\"2019-08-22T16:19:33+00:00\" \/>\n<meta name=\"twitter:card\" content=\"summary_large_image\" \/>\n<script type=\"application\/ld+json\" class=\"yoast-schema-graph\">{\"@context\":\"https:\\\/\\\/schema.org\",\"@graph\":[{\"@type\":\"WebPage\",\"@id\":\"https:\\\/\\\/forestlawn.com\\\/es\\\/exhibits\\\/the-elevated-eye-aerial-photography-past-and-present\\\/\",\"url\":\"https:\\\/\\\/forestlawn.com\\\/es\\\/exhibits\\\/the-elevated-eye-aerial-photography-past-and-present\\\/\",\"name\":\"The Eye Elevated, Aerial Photography Past and Present - Forest Lawn\",\"isPartOf\":{\"@id\":\"https:\\\/\\\/forestlawn.com\\\/es\\\/#website\"},\"datePublished\":\"2019-08-13T22:26:11+00:00\",\"dateModified\":\"2019-08-22T16:19:33+00:00\",\"breadcrumb\":{\"@id\":\"https:\\\/\\\/forestlawn.com\\\/es\\\/exhibits\\\/the-elevated-eye-aerial-photography-past-and-present\\\/#breadcrumb\"},\"inLanguage\":\"es\",\"potentialAction\":[{\"@type\":\"ReadAction\",\"target\":[\"https:\\\/\\\/forestlawn.com\\\/es\\\/exhibits\\\/the-elevated-eye-aerial-photography-past-and-present\\\/\"]}]},{\"@type\":\"BreadcrumbList\",\"@id\":\"https:\\\/\\\/forestlawn.com\\\/es\\\/exhibits\\\/the-elevated-eye-aerial-photography-past-and-present\\\/#breadcrumb\",\"itemListElement\":[{\"@type\":\"ListItem\",\"position\":1,\"name\":\"Home\",\"item\":\"https:\\\/\\\/forestlawn.com\\\/es\\\/\"},{\"@type\":\"ListItem\",\"position\":2,\"name\":\"Exhibits\",\"item\":\"https:\\\/\\\/forestlawn.com\\\/es\\\/exhibits\\\/\"},{\"@type\":\"ListItem\",\"position\":3,\"name\":\"The Eye Elevated, Aerial Photography Past and Present\"}]},{\"@type\":\"WebSite\",\"@id\":\"https:\\\/\\\/forestlawn.com\\\/es\\\/#website\",\"url\":\"https:\\\/\\\/forestlawn.com\\\/es\\\/\",\"name\":\"Forest Lawn\",\"description\":\"Forest Lawn\",\"potentialAction\":[{\"@type\":\"SearchAction\",\"target\":{\"@type\":\"EntryPoint\",\"urlTemplate\":\"https:\\\/\\\/forestlawn.com\\\/es\\\/?s={search_term_string}\"},\"query-input\":{\"@type\":\"PropertyValueSpecification\",\"valueRequired\":true,\"valueName\":\"search_term_string\"}}],\"inLanguage\":\"es\"}]}<\/script>\n<!-- \/ Yoast SEO Premium plugin. -->","yoast_head_json":{"title":"The Eye Elevated, Aerial Photography Past and Present - Forest Lawn","robots":{"index":"index","follow":"follow","max-snippet":"max-snippet:-1","max-image-preview":"max-image-preview:large","max-video-preview":"max-video-preview:-1"},"canonical":"https:\/\/forestlawn.com\/es\/exhibits\/the-elevated-eye-aerial-photography-past-and-present\/","og_locale":"es_ES","og_type":"article","og_title":"The Eye Elevated, Aerial Photography Past and Present","og_description":"El Ojo Elevado: Fotograf\u00eda a\u00e9rea del pasado y presente el 10 de octubre de 2019 hasta el 8 de marzo de 2020 La exposici\u00f3n examina [&hellip;]","og_url":"https:\/\/forestlawn.com\/es\/exhibits\/the-elevated-eye-aerial-photography-past-and-present\/","og_site_name":"Forest Lawn","article_modified_time":"2019-08-22T16:19:33+00:00","twitter_card":"summary_large_image","schema":{"@context":"https:\/\/schema.org","@graph":[{"@type":"WebPage","@id":"https:\/\/forestlawn.com\/es\/exhibits\/the-elevated-eye-aerial-photography-past-and-present\/","url":"https:\/\/forestlawn.com\/es\/exhibits\/the-elevated-eye-aerial-photography-past-and-present\/","name":"The Eye Elevated, Aerial Photography Past and Present - Forest Lawn","isPartOf":{"@id":"https:\/\/forestlawn.com\/es\/#website"},"datePublished":"2019-08-13T22:26:11+00:00","dateModified":"2019-08-22T16:19:33+00:00","breadcrumb":{"@id":"https:\/\/forestlawn.com\/es\/exhibits\/the-elevated-eye-aerial-photography-past-and-present\/#breadcrumb"},"inLanguage":"es","potentialAction":[{"@type":"ReadAction","target":["https:\/\/forestlawn.com\/es\/exhibits\/the-elevated-eye-aerial-photography-past-and-present\/"]}]},{"@type":"BreadcrumbList","@id":"https:\/\/forestlawn.com\/es\/exhibits\/the-elevated-eye-aerial-photography-past-and-present\/#breadcrumb","itemListElement":[{"@type":"ListItem","position":1,"name":"Home","item":"https:\/\/forestlawn.com\/es\/"},{"@type":"ListItem","position":2,"name":"Exhibits","item":"https:\/\/forestlawn.com\/es\/exhibits\/"},{"@type":"ListItem","position":3,"name":"The Eye Elevated, Aerial Photography Past and Present"}]},{"@type":"WebSite","@id":"https:\/\/forestlawn.com\/es\/#website","url":"https:\/\/forestlawn.com\/es\/","name":"Forest Lawn","description":"Forest Lawn","potentialAction":[{"@type":"SearchAction","target":{"@type":"EntryPoint","urlTemplate":"https:\/\/forestlawn.com\/es\/?s={search_term_string}"},"query-input":{"@type":"PropertyValueSpecification","valueRequired":true,"valueName":"search_term_string"}}],"inLanguage":"es"}]}},"_links":{"self":[{"href":"https:\/\/forestlawn.com\/es\/wp-json\/wp\/v2\/exhibit\/34036","targetHints":{"allow":["GET"]}}],"collection":[{"href":"https:\/\/forestlawn.com\/es\/wp-json\/wp\/v2\/exhibit"}],"about":[{"href":"https:\/\/forestlawn.com\/es\/wp-json\/wp\/v2\/types\/exhibit"}],"wp:attachment":[{"href":"https:\/\/forestlawn.com\/es\/wp-json\/wp\/v2\/media?parent=34036"}],"curies":[{"name":"wp","href":"https:\/\/api.w.org\/{rel}","templated":true}]}}

<h2><strong>El Ojo Elevado: Fotografía aérea del pasado y presente</strong></h2>
<p><strong>el 10 de octubre de 2019 hasta el 8 de marzo de 2020</strong></p>
<p>La exposición examina la historia de la fotografía aérea, desde sus orígenes en el siglo XIX hasta las tecnologías que traspasan los límites del siglo XXI. Reúne casi 150 imágenes y 14 minutos de video, así como modelos satelitales y drones. La exposición incluye fotografías de la colección permanente del Museo Forest Lawn que nunca se han exhibido, así como obras del Instituto de Investigación Getty; Biblioteca Huntington, colecciones de arte y jardines botánicos; y las Colecciones Especiales de la Biblioteca Pública de Los Ángeles. The Elevated Eye (El Ojo Elevado): Fotografía aérea del pasado y presente también presenta el trabajo de David Maisel, becario Guggenheim 2018 en Artes Creativas; Jenny Odell, artista y escritora multidisciplinaria; y el fotógrafo Lane Barden, cuyo trabajo traza los principales corredores de Los Ángeles desde lo alto. La exposición incluye más de veinte imágenes y fascinantes secuencias de video del piloto de drones y fotógrafo Chen Ming. Más allá de la estratosfera, The Elevated Eye (El Ojo Elevado)presenta imágenes históricas de la NASA, así como el trabajo de Erwan Rivault (@earthfromsatellites), un geógrafo francés que utiliza datos de satélites de la Agencia Espacial Europea para crear impresionantes imágenes de maravillas naturales en la superficie de la Tierra.</p>
<p>The Elevated Eye (El Ojo Elevado) Fotografía aérea del pasado y presente estará abierto al público desde el 10 de octubre de 2019 hasta el 8 de marzo de 2020 en el Museo de Forest Lawn Glendale, 1712 S. Glendale Avenue, Glendale, California.</p>

<!-- This site is optimized with the Yoast SEO Premium plugin v27.3 (Yoast SEO v27.3) - https://yoast.com/product/yoast-seo-premium-wordpress/ -->
<title>The Eye Elevated, Aerial Photography Past and Present - Forest Lawn</title>
<meta name="robots" content="index, follow, max-snippet:-1, max-image-preview:large, max-video-preview:-1" />
<link rel="canonical" href="https://forestlawn.com/es/exhibits/the-elevated-eye-aerial-photography-past-and-present/" />
<meta property="og:locale" content="es_ES" />
<meta property="og:type" content="article" />
<meta property="og:title" content="The Eye Elevated, Aerial Photography Past and Present" />
<meta property="og:description" content="El Ojo Elevado: Fotografía aérea del pasado y presente el 10 de octubre de 2019 hasta el 8 de marzo de 2020 La exposición examina [&hellip;]" />
<meta property="og:url" content="https://forestlawn.com/es/exhibits/the-elevated-eye-aerial-photography-past-and-present/" />
<meta property="og:site_name" content="Forest Lawn" />
<meta property="article:modified_time" content="2019-08-22T16:19:33+00:00" />
<meta name="twitter:card" content="summary_large_image" />
<script type="application/ld+json" class="yoast-schema-graph">{"@context":"https:\/\/schema.org","@graph":[{"@type":"WebPage","@id":"https:\/\/forestlawn.com\/es\/exhibits\/the-elevated-eye-aerial-photography-past-and-present\/","url":"https:\/\/forestlawn.com\/es\/exhibits\/the-elevated-eye-aerial-photography-past-and-present\/","name":"The Eye Elevated, Aerial Photography Past and Present - Forest Lawn","isPartOf":{"@id":"https:\/\/forestlawn.com\/es\/#website"},"datePublished":"2019-08-13T22:26:11+00:00","dateModified":"2019-08-22T16:19:33+00:00","breadcrumb":{"@id":"https:\/\/forestlawn.com\/es\/exhibits\/the-elevated-eye-aerial-photography-past-and-present\/#breadcrumb"},"inLanguage":"es","potentialAction":[{"@type":"ReadAction","target":["https:\/\/forestlawn.com\/es\/exhibits\/the-elevated-eye-aerial-photography-past-and-present\/"]}]},{"@type":"BreadcrumbList","@id":"https:\/\/forestlawn.com\/es\/exhibits\/the-elevated-eye-aerial-photography-past-and-present\/#breadcrumb","itemListElement":[{"@type":"ListItem","position":1,"name":"Home","item":"https:\/\/forestlawn.com\/es\/"},{"@type":"ListItem","position":2,"name":"Exhibits","item":"https:\/\/forestlawn.com\/es\/exhibits\/"},{"@type":"ListItem","position":3,"name":"The Eye Elevated, Aerial Photography Past and Present"}]},{"@type":"WebSite","@id":"https:\/\/forestlawn.com\/es\/#website","url":"https:\/\/forestlawn.com\/es\/","name":"Forest Lawn","description":"Forest Lawn","potentialAction":[{"@type":"SearchAction","target":{"@type":"EntryPoint","urlTemplate":"https:\/\/forestlawn.com\/es\/?s={search_term_string}"},"query-input":{"@type":"PropertyValueSpecification","valueRequired":true,"valueName":"search_term_string"}}],"inLanguage":"es"}]}</script>
<!-- / Yoast SEO Premium plugin. -->

El Ojo Elevado: Fotografía aérea del pasado y presente el 10 de octubre de 2019 hasta el 8 de marzo de 2020 La exposición examina [&hellip;]
